 greatest common factor of 604 and 59947.
151
What is the highest common divisor of 232 and 199549?
29
Calculate the greatest common factor of 2379 and 36295.
61
What is the greatest common divisor of 240 and 4255040?
80
Calculate the highest common divisor of 6616 and 696.
8
Calculate the highest common divisor of 8046 and 378.
54
What is the highest common factor of 588006 and 162?
54
Calculate the greatest common divisor of 117 and 40079.
13
What is the greatest common factor of 1826 and 4444?
22
What is the greatest common divisor of 2379 and 23400?
39
Calculate the greatest common factor of 4169 and 5753.
11
What is the highest common factor of 3679 and 13867?
283
What is the highest common factor of 24 and 1610592?
24
Calculate the greatest common factor of 225 and 855.
45
Calculate the highest common divisor of 128625 and 7.
7
Calculate the greatest common divisor of 191774 and 11.
11
What is the greatest common factor of 90 and 64176?
6
What is the greatest common divisor of 64005 and 2505?
15
What is the highest common divisor of 84564 and 10324?
116
Calculate the greatest common divisor of 345 and 12213.
69
What is the greatest common factor of 5044 and 468?
52
What is the highest common divisor of 1119 and 1988463?
1119
Calculate the highest common divisor of 6052 and 384124.
356
What is the highest common divisor of 5 and 5588845?
5
Calculate the greatest common divisor of 120 and 63064.
8
Calculate the greatest common factor of 2746436 and 814.
814
Calculate the greatest common factor of 71565 and 273.
39
Calculate the highest common divisor of 48226 and 6.
2
What is the highest common divisor of 70 and 483530?
10
Calculate the greatest common factor of 5024 and 24928.
32
What is the highest common divisor of 970 and 3686?
194
What is the greatest common factor of 567 and 119?
7
Calculate the highest common divisor of 10989 and 1188.
297
Calculate the greatest common divisor of 10799 and 9.
1
Calculate the highest common factor of 456390 and 10395.
495
What is the greatest common factor of 15306 and 12?
6
What is the highest common factor of 354220 and 73870?
890
What is the highest common divisor of 29 and 10149217?
29
Calculate the highest common divisor of 258 and 220203.
129
What is the highest common factor of 7254 and 26?
26
What is the greatest common factor of 34 and 36533?
17
What is the greatest common divisor of 29102 and 2?
2
What is the highest common divisor of 1680 and 64400?
560
Calculate the highest common factor of 168 and 9807.
21
What is the greatest common factor of 944 and 162958?
118
What is the highest common factor of 708 and 32804?
236
What is the highest common divisor of 2998275 and 525?
525
Calculate the highest common factor of 6181830 and 30.
30
What is the greatest common factor of 69 and 5901?
3
What is the greatest common divisor of 48 and 603780?
12
Calculate the greatest common factor of 4 and 129428.
4
What is the highest common divisor of 16279 and 730?
73
Calculate the greatest common divisor of 108 and 1547028.
36
What is the greatest common divisor of 488677 and 441?
49
What is the greatest common divisor of 19 and 1427?
1
What is the greatest common factor of 13 and 178958?
13
What is the greatest common factor of 45416 and 112?
56
Calculate the greatest common divisor of 16 and 175248.
16
What is the greatest common divisor of 883909 and 26?
13
Calculate the highest common divisor of 2128 and 27930.
266
What is the highest common factor of 1173 and 102?
51
Calculate the highest common factor of 129317 and 356.
89
What is the highest common factor of 8856 and 2808?
216
Calculate the greatest common divisor of 1697994 and 408.
102
What is the highest common factor of 2 and 17078?
2
What is the highest common divisor of 1365828 and 12?
12
Calculate the greatest common divisor of 104 and 18296.
8
Calculate the greatest common factor of 4560 and 1960.
40
What is the greatest common factor of 2397 and 1479?
51
Calculate the highest common factor of 75 and 565025.
25
What is the highest common divisor of 782212 and 6?
2
What is the greatest common factor of 1692 and 13176?
36
Calculate the highest common divisor of 94655 and 330.
55
Calculate the greatest common factor of 151 and 10931041.
151
What is the highest common divisor of 22972 and 12?
4
Calculate the greatest common factor of 58896 and 360.
72
Calculate the highest common divisor of 52 and 224614.
26
Calculate the highest common factor of 1375 and 45463.
11
Calculate the greatest common factor of 259520 and 11840.
320
What is the greatest common divisor of 1555 and 815?
5
Calculate the greatest common divisor of 96874 and 4.
2
What is the greatest common divisor of 50336 and 22?
22
What is the greatest common factor of 212 and 652?
4
Calculate the highest common divisor of 957484 and 88.
44
Calculate the highest common factor of 1580 and 141520.
20
What is the greatest common divisor of 169770 and 20?
10
Calculate the highest common factor of 6202 and 7.
7
Calculate the greatest common divisor of 1379041 and 479.
479
What is the greatest common divisor of 6672 and 656?
16
What is the highest common divisor of 184851 and 115?
23
Calculate the greatest common factor of 7981 and 1035.
23
What is the greatest common divisor of 2675 and 2275?
25
Calculate the greatest common divisor of 234433 and 469.
67
Calculate the highest common factor of 42 and 255822.
42
What is the highest common factor of 16962 and 3960?
66
What is the highest common factor of 127193 and 1865?
373
What is the highest common divisor of 430 and 77615?
215
What is the greatest common divisor of 1001283 and 16269?
1479
Calculate the greatest common factor of 71617 and 91.
91
Calculate the greatest common factor of 2241 and 530121.
249
What is the greatest common divisor of 24827 and 1891?
61
Calculate the highest common factor of 464481 and 108.
27
What is the highest common divisor of 5346 and 1683?
99
What is the greatest common factor of 852510 and 6?
6
Calculate the greatest common factor of 20709 and 14976.
117
Calculate the greatest common factor of 12 and 116718.
6
Calculate the greatest common divisor of 368311 and 93.
31
Calculate the highest common factor of 255 and 16785.
15
Calculate the greatest common factor of 11653 and 387.
43
Calculate the highest common divisor of 47413 and 1343.
17
What is the greatest common divisor of 6 and 1139?
1
Calculate the highest common factor of 36388 and 220.
44
What is the highest common divisor of 270056 and 536?
8
What is the greatest common divisor of 350 and 210980?
70
What is the highest common factor of 39941 and 11?
11
Calculate the greatest common factor of 250281 and 225.
9
What is the highest common factor of 4375 and 16025?
25
Calculate the greatest common divisor of 1312 and 1886.
82
What is the highest common factor of 567 and 84?
21
What is the highest common factor of 654 and 679506?
654
What is the highest common factor of 73456 and 432?
16
Calculate the greatest common factor of 101008 and 4720.
944
What is the highest common factor of 1651 and 16544671?
1651
What is the greatest common factor of 975 and 17640?
15
Calculate the greatest common factor of 5016 and 99408.
456
What is the highest common divisor of 65 and 24965?
5
What is the highest common factor of 4891 and 511?
73
What is the greatest common divisor of 2090757 and 1233?
411
What is the highest common factor of 54605 and 39865?
335
Calculate the greatest common divisor of 364 and 11032.
28
What is the greatest common divisor of 71414 and 28?
14
Calculate the greatest common divisor of 259730 and 646.
38
Calculate the highest common divisor of 1784 and 83179.
223
Calculate the highest common divisor of 793697 and 17412.
1451
Calculate the greatest common factor of 72 and 660366.
18
What is the highest common divisor of 37620 and 1440?
180
Calculate the greatest common factor of 8 and 16824.
8
Calculate the highest common factor of 11583 and 6721.
143
Calculate the greatest common divisor of 1406 and 139786.
74
Calculate the highest common factor of 1531971 and 252.
63
What is the highest common divisor of 70358 and 4572?
254
Calculate the highest common divisor of 47826 and 1602.
18
What is the greatest common factor of 58 and 50663?
29
W